the hundreds digit of 527290742?
7
What is the hundred millions digit of 662468763?
6
What is the units digit of 114388172?
2
What is the hundred thousands digit of 31135126?
1
What is the tens digit of 64602773?
7
What is the ten thousands digit of 32334943?
3
What is the ten millions digit of 129095554?
2
What is the hundred millions digit of 386807543?
3
What is the hundred thousands digit of 34073454?
0
What is the thousands digit of 67883641?
3
What is the hundred millions digit of 342713125?
3
What is the thousands digit of 782002481?
2
What is the ten millions digit of 503955610?
0
What is the ten millions digit of 4926241230?
2
What is the hundreds digit of 7396974805?
8
What is the hundred millions digit of 402749857?
4
What is the ten thousands digit of 14095496?
9
What is the hundreds digit of 277721377?
3
What is the millions digit of 1619156186?
9
What is the thousands digit of 607325898?
5
What is the tens digit of 727217707?
0
What is the ten thousands digit of 178922072?
2
What is the hundreds digit of 53768702?
7
What is the hundred thousands digit of 46389259?
3
What is the hundred thousands digit of 15896865?
8
What is the ten millions digit of 981205472?
8
What is the thousands digit of 2154442606?
2
What is the hundred millions digit of 285906241?
2
What is the tens digit of 3943278085?
8
What is the ten millions digit of 40161967?
4
What is the units digit of 855599540?
0
What is the hundreds digit of 283020206?
2
What is the billions digit of 1465622618?
1
What is the units digit of 1231238174?
4
What is the units digit of 8759660571?
1
What is the hundred thousands digit of 49431991?
4
What is the hundred millions digit of 252756855?
2
What is the hundred millions digit of 702934785?
7
What is the millions digit of 69715929?
9
What is the hundreds digit of 1438207091?
0
What is the hundred thousands digit of 159271224?
2
What is the millions digit of 36718326?
6
What is the tens digit of 11998249?
4
What is the units digit of 35693063?
3
What is the hundred millions digit of 1105375550?
1
What is the tens digit of 7041388827?
2
What is the hundred millions digit of 658743702?
6
What is the hundreds digit of 178377807?
8
What is the units digit of 7476085?
5
What is the millions digit of 212324221?
2
What is the millions digit of 999609951?
9
What is the ten millions digit of 699761542?
9
What is the tens digit of 2443444648?
4
What is the ten millions digit of 22424716?
2
What is the tens digit of 215646469?
6
What is the tens digit of 1290036740?
4
What is the ten thousands digit of 1802156170?
5
What is the units digit of 33123207?
7
What is the thousands digit of 67014450?
4
What is the hundred thousands digit of 3941598403?
5
What is the millions digit of 1088846041?
8
What is the hundred thousands digit of 142249282?
2
What is the millions digit of 64060021?
4
What is the ten thousands digit of 5171185412?
8
What is the hundred thousands digit of 64671794?
6
What is the units digit of 642975167?
7
What is the ten thousands digit of 435028690?
2
What is the millions digit of 42529378?
2
What is the millions digit of 345424956?
5
What is the hundreds digit of 1107909552?
5
What is the hundreds digit of 187374844?
8
What is the thousands digit of 84218217?
8
What is the tens digit of 88881783?
8
What is the ten thousands digit of 2468444907?
4
What is the ten thousands digit of 15097001?
9
What is the hundred millions digit of 972700326?
9
What is the hundred millions digit of 1936983946?
9
What is the ten thousands digit of 3278072092?
7
What is the ten millions digit of 26275061?
2
What is the ten millions digit of 668330030?
6
What is the ten millions digit of 607404437?
0
What is the tens digit of 330725338?
3
What is the ten millions digit of 176518014?
7
What is the hundred thousands digit of 627758820?
7
What is the hundreds digit of 23382360?
3
What is the tens digit of 3045760?
6
What is the millions digit of 82058262?
2
What is the ten thousands digit of 130688962?
8
What is the units digit of 94524302?
2
What is the ten millions digit of 12959538?
1
What is the tens digit of 51067466?
6
What is the tens digit of 2292654983?
8
What is the ten thousands digit of 2319388331?
8
What is the hundreds digit of 36466500?
5
What is the ten thousands digit of 73155546?
5
What is the ten thousands digit of 2577905671?
0
What is the hundred thousands digit of 1176045298?
0
What is the hundred millions digit of 2028081723?
0
What is the hundred thousands digit of 197160564?
1
What is the ten thousands digit of 869352819?
5
What is the millions digit of 369422237?
9
What is the millions digit of 15250583?
5
What is the hundred thousands digit of 9595454?
5
What is the ten millions digit of 834329587?
3
What is the ten thousands digit of 84017960?
1
What is the millions digit of 41122676?
1
What is the thousands digit of 129108837?
8
What is the hundred millions digit of 1047025761?
0
What is the hundreds digit of 2013406322?
3
What is the hundred thousands digit of 28475729?
4
What is the tens digit of 79594949?
4
What is the hundred millions digit of 1566612401?
5
What is the hundred thousands digit of 25739494?
7
What is the hundred millions digit of 2208574870?
2
What is the ten thousands digit of 757639627?
3
What is the hundred millions digit of 448264450?
4
What is the hundred thousands digit of 799397505?
3
What is the units digit of 344166390?
0
What is the units digit of 315509040?
0
What is the thousands digit of 38198608?
8
What is the hundreds digit of 455481398?
3
What is the millions digit of 337779798?
7
What is the hundred millions digit of 414874922?
4
What is the millions digit of 116537744?
6
What is the tens digit of 218655719?
1
What is the tens digit of 873434520?
2
What is the billions digit of 3831187796?
3
What is the hundreds digit of 703212576?
5
What is the ten thousands digit of 47679345?
7
What is the ten thousands digit of 1063133203?
3
What is the ten thousands digit of 24221934?
2
What is the ten thousands digit of 76945792?
4
What is the hundreds digit of 171376197?
1
What is the hundreds digit of 54258406?
4
What is the hundreds digit of 8330423?
4
What is the millions digit of 1103434290?
3
What is the tens digit of 1537357306?
0
What is the ten thousands digit of 749290902?
9
What is the thousands digit of 204788183?
8
What is the units digit of 6289998?
8
What is the units digit of 143050841?
1
What is the ten thousands digit of 3068274628?
7
What is the tens digit of 126947429?
2
What is the hundreds digit of 3719618333?
3
What is the ten thousands digit of 1945795?
4
What is the thousands digit of 45250677?
0
What is the millions digit of 2365256427?
5
What is the hundreds digit of 6147087?
0
What is the ten millions digit of 104642444?
0
What is the millions digit of 417573158?
7
What is the ten thousands digit of 167032818?
3
What is the tens digit of 548309413?
1
What is the hundred thousands digit of 28302675?
3
What is the tens digit of 311187424?
2
What is the tens digit of 39953852?
5
What is the thousands digit of 391371243?
1
What is the hundred millions digit of 466148937?
4
What is the millions digit of 6053390740?
3
What is the thousands digit of 84674694?
4
What is the hundreds digit of 425434037?
0
What is the hundred millions digit of 196508244?
1
What is the tens digit of 7773871713?
1
What is the hundreds digit of 200317107?
1
What is the billions digit of 1803325337?
1
What is the thousands digit of 2413068482?
8
What is the hundreds digit of 96512771?
7
What is the ten thousands digit of 59231287?
3
What is the units digit of 102886003?
3
What is the hundred thousands digit of 36868129?
8
What is the ten thousands digit of 806802817?
0
What is the tens digit of 501464012?
1
What is the ten thousands digit of 1303147243?
4
What is the hundred millions digit of 4401326250?
4
What is the ten millions digit of 221932255?
2
What is the billions digit of 1042186017?
1
What is the hundred thousands digit of 27877056?
8
What is the millions digit of 157116719?
7
What is the ten millions digit of 883450625?
8
What is the billions digit of 6504330667?
6
What is the tens digit of 1981335553?
5
What is the tens digit of 242551066?
6
What is the ten millions digit of 137